73
Let d(a) = a**3 + 27*a**2 + 33*a - 28. Let g be d(-26). List the prime factors of (g/(-21))/(2/16).
2, 5
Let g(r) = 71*r**3 - 11*r**2 - 2*r - 21. List the prime factors of g(4).
4339
Let k(b) = 9*b**2 - 10*b - 38. What are the prime factors of k(18)?
2, 19, 71
Let d = -5 + 39. Suppose -w + d - 3 = 0. What are the prime factors of w?
31
List the prime factors of (280/(-4))/(-14) - -2481.
2, 11, 113
Let z be (3*-3)/((-21)/98) + -3. Suppose 31*w - z*w = -1392. What are the prime factors of w?
2, 3, 29
What are the prime factors of 14/10*(-6191 - -11)/(-12)?
7, 103
Let z be (-18)/(-15)*5/(-2). Suppose w - 2 = 9. Let m = w + z. What are the prime factors of m?
2
Suppose -4*y + h + 2*h = -28, 8 = -2*y - 4*h. Suppose -y*j - j = -285. List the prime factors of j.
3, 19
Let l = 1575 - 880. What are the prime factors of l?
5, 139
Let v(s) = s**2 - 4*s - 5. Let i(p) = p - 8. Let z be i(12). Let m be v(z). Let b(g) = 2*g**2 + 2*g. List the prime factors of b(m).
2, 5
Let d(h) = h + 4. Let p be d(7). Let g = 167 + -168. Let c = p + g. What are the prime factors of c?
2, 5
Let z be (-39)/(-9)*6/(-2). What are the prime factors of (-130)/(-6)*(-39)/z?
5, 13
Let a(j) = -8*j**2 - 11*j - 11 + 22*j + 9*j**2. List the prime factors of a(-14).
31
Let q(g) be the first derivative of -g**3/3 - 7*g**2 + g - 3. Let y be q(-6). Suppose n = -4*m + 11, -n - 13 = -m - y. What are the prime factors of n?
31
Suppose -2*j + 4*j = 5*h + 313, -319 = -2*j - h. Suppose -5*f + 126 = 4*v - j, -2*f = 6. List the prime factors of v.
3, 5
Let y(u) = 49*u**3 - 2*u**2 - u + 2. Let r be y(1). Suppose 3*t = 3*s - 48, 0 = -2*s - 3*s - 3*t + r. What are the prime factors of 82/3 - s/(-18)?
2, 7
Suppose -5*q + 0*m - m = 77, -41 = 2*q - 3*m. Let j = -21 - q. What are the prime factors of (0 + j)*(-154)/35?
2, 11
Suppose 4*j - 96 = -88. What are the prime factors of j*9/6 + 302?
5, 61
Suppose y = 3*y - 8. Let w = y + -2. List the prime factors of 31 - 2 - -3 - w.
2, 3, 5
Suppose -366*v = -363*v - 1413. List the prime factors of v.
3, 157
Let w(k) = -k**2 + 3*k + 7. Let b be w(5). Let u(m) = -m**3 + m - 4. Let i be u(b). Let l = -12 + i. List the prime factors of l.
2
Suppose -6836 = -2093*g + 2089*g. What are the prime factors of g?
1709
Let m = -23 + 148. Suppose -3*c + 4*j = -m, -3*c + 5*j = -4*c + 29. Suppose -2*u + c = -11. What are the prime factors of u?
5
Let s(g) = -g + 14. Let z be s(11). Suppose -64 = -y - 4*b, b = -z*y - 3*b + 152. List the prime factors of y.
2, 11
Suppose 4*b - 22 = -r, -5*r - 2*b - b + 25 = 0. Suppose -5*o = r*c - 106, -5*o = -3*c + 170 - 36. What are the prime factors of c?
2, 3
Suppose -2*z + 10 = -7*c + 3*c, 4*c = -4. Suppose 3*r + z*r - 72 = 0. List the prime factors of r.
2, 3
Let o(z) be the first derivative of -z**3/3 + 11*z**2 - 9*z - 3. What are the prime factors of o(20)?
31
Let q(h) = -960*h + 10. List the prime factors of q(-1).
2, 5, 97
Suppose -1915 = -4*z + 2*h + 1819, 3*z - 3*h = 2805. What are the prime factors of z?
2, 233
Let a(f) = f**3 - 6*f**2 + 6*f + 1. Let c be a(5). Suppose -2*z = -2, 0 = c*q - q - 2*z - 343. List the prime factors of q.
3, 23
Suppose 0 = -2*q - 2*o - 2 + 6, 3*q - 3*o = 0. Let u(y) = 37*y**2 - y. List the prime factors of u(q).
2, 3
Let r = 452 + -213. List the prime factors of r.
239
Let x(o) = -o**2 - 8*o + 4. Let m be x(-8). Suppose -m*z - 32 = -264. Let q = z + -38. What are the prime factors of q?
2, 5
Suppose 5*s + 7*s - 2304 = 0. What are the prime factors of s?
2, 3
Let n be 4/5 + 32/10. What are the prime factors of 166/n*4/2?
83
Suppose 3*q - w - 141 = 2*w, 0 = 4*q + 5*w - 152. Let i be q/3 - 1/3. Suppose -2*f + i + 26 = 0. What are the prime factors of f?
2, 5
Let o be ((-6)/(-3))/(2/16*4). Let b(f) = f**3 + f**2 + 9*f - 2. What are the prime factors of b(o)?
2, 3, 19
Let f = 1 + -6. Let o(x) = 2*x**2 - 5*x - 5. Let j be o(f). Suppose -2*b - p = b - 210, b + p = j. What are the prime factors of b?
2, 5, 7
Suppose 45 = 12*k - 3. Suppose 2*x - k = 16. List the prime factors of x.
2, 5
Let b be 1004 + 0 + (-6 + 0)/6. Suppose -592 - b = -5*n. List the prime factors of n.
11, 29
Suppose 0 = -4*p + x + 12805, 4*p - 12775 = -10*x + 5*x. What are the prime factors of p?
2, 5
Suppose -2*m - 7 = -3*d - 24, 3*m = 3*d + 21. Let j = 0 + 4. Suppose -2*n + j*u + 38 = 0, 5*n + m*u = n + 88. List the prime factors of n.
3, 7
Let m = 422 - -47. List the prime factors of m.
7, 67
Let s(y) = 2 - 8*y**2 - 3*y + y**3 - y - y. Let m be s(9). Let r = 56 - m. List the prime factors of r.
2, 3
What are the prime factors of -3*6/18*4 - -441?
19, 23
Let o(a) = -46*a + 178. List the prime factors of o(-16).
2, 457
Let c = 71 - 51. Suppose -22 = 7*x + c. List the prime factors of (-570)/(-14) + x/(-21).
41
Suppose 8*w + 20 - 4 = 0. Suppose 4*d - 44 + 440 = 0. List the prime factors of 2 - w*d/(-6).
5, 7
Suppose -3*x = 4*o - 7043, 9*o = 10*o - 2. List the prime factors of x.
5, 7, 67
Suppose -6*w + 2493 + 2781 = 0. List the prime factors of w.
3, 293
Let q = -5 + 9. Suppose z + 116 = 2*x - 14, 0 = -4*x - q*z + 236. List the prime factors of x.
3, 7
Let i(f) = 8*f**2 - 2*f + 5. Let m be i(5). Suppose 19*l + m - 2380 = 0. What are the prime factors of l?
5, 23
Suppose 70 = 4*s - 50. Let l = 43 - s. List the prime factors of l.
13
Suppose -4*f + 35 = -61. Suppose 3*z + f = 192. What are the prime factors of z?
2, 7
Let t(j) = -2*j**3 - 2*j**2 + 10*j + 19. Let o(r) = r**3 + r**2 - 11*r - 20. Let u(a) = 3*o(a) + 4*t(a). List the prime factors of u(-4).
2, 3, 19
Let x(u) = 5*u + 6. Let i be x(-3). Let g be 0 - 0 - i/3. Suppose -t - 14 = -g*h - 4, 0 = 4*h + t - 18. What are the prime factors of h?
2
Suppose -199 - 53647 = -13*s. List the prime factors of s.
2, 19, 109
Let g = -2 + 476. List the prime factors of g.
2, 3, 79
Let o(i) = i - 2. Let c be o(4). Suppose c*r - 13 = r. List the prime factors of 4900/91 + 2/r.
2, 3
Let i(b) = 86*b + 1. What are the prime factors of i(3)?
7, 37
Suppose -5*o = -10*o + 20. Suppose 0 = 5*s + 2*r - 18, -s - 5*r + 15 = o*s. Suppose 0 = 2*f - 5*x - 67, -2*f + s*x + 62 = -0*x. What are the prime factors of f?
3, 7
Let y = 105 + -100. Let s(d) be the third derivative of d**5/30 + d**4/4 - d**3/2 - d**2. What are the prime factors of s(y)?
7, 11
Suppose 7*v - 1446 - 1557 = 0. List the prime factors of v.
3, 11, 13
Suppose 4*q - 440 = 3*a, 2*q = 2*a + 2*a + 220. Suppose 0 = -0*v + 5*v - q. Let i = 39 - v. What are the prime factors of i?
17
Let j be (6/(-9))/((-10)/315). Suppose j*l - 13*l = 280. List the prime factors of l.
5, 7
What are the prime factors of -5 + 5 + 364 - -3?
367
Suppose 15*s + 5*j + 4507 = 19*s, -2*j = 4*s - 4542. List the prime factors of s.
11, 103
Let n = 18 - 20. Let u = n + 37. Suppose -2*m - 3*i - 12 = -u, 2*m - 33 = -5*i. List the prime factors of m.
2
Let p(c) = -c. Let b(s) = -5*s + 36. Let y(u) = b(u) - 2*p(u). What are the prime factors of y(-20)?
2, 3
Suppose 0 = 2*a + a - 54. Suppose 3*o - 6 = 0, o = -0*x - x + 31. Let c = x - a. List the prime factors of c.
11
Let h(s) = 4*s + 7. Let a(z) = 2*z + 3. Let m(r) = 14*a(r) - 6*h(r). Let b be m(-2). What are the prime factors of b/(-28) - (-54)/7?
2
Suppose 22*k + 60408 = 58*k. List the prime factors of k.
2, 839
What are the prime factors of 27 + 1/(-1 - 24/(-30))?
2, 11
Let a(z) = -3*z**3 - 9*z**2 - 11*z + 2. Let b(v) = -4*v**3 - 9*v**2 - 11*v + 2. Let l(i) = 3*a(i) - 2*b(i). What are the prime factors of l(-8)?
2, 13
Let k(p) = 18*p**3 + 20*p**2 + 5*p - 24. List the prime factors of k(4).
2, 367
Let f = -2 + 6. Suppose 5*w - 15 = 0, -f*n + 116 = -5*w - 37. List the prime factors of n.
2, 3, 7
Suppose -5*p - h = -1342 + 221, 233 = p - 2*h. What are the prime factors of p?
3, 5
Let o = 13 + -10. Suppose 5*t + 50 = -4*g, 5*g + 0*g = o*t + 30. What are the prime factors of (t - 0)/((-2)/10)?
2, 5
Suppose -4*i = t + 4*t - 19, -3*t - 3*i = -9. Suppose 5*j = -4*x + 789, -t*j + 813 = -2*j - 2*x. What are the prime factors of j?
7, 23
Suppose -3*u + k = -4*u + 1, -5*k - 3 = -3*u. Suppose -f + i = -2, 3*i + u - 19 = -3*f. Suppose f*g - 2*g = 50. What are the prime factors of g?
5
Let p(z) = z**2 + 2*z**2 - 7*z - 7*z**2 - 5*z**3. List the prime factors of p(-3).
2, 3, 5
Let p be (-336)/8*(-2)/(-3). Let t = -11 - p. Let m = t - -20. List the